{"id":1798,"date":"2022-06-26T23:34:39","date_gmt":"2022-06-26T23:34:39","guid":{"rendered":"https:\/\/dsngrid.com\/arctit\/?page_id=1798"},"modified":"2025-04-09T14:13:48","modified_gmt":"2025-04-09T14:13:48","slug":"san-sebastian","status":"publish","type":"page","link":"https:\/\/izzydmc.com\/?page_id=1798","title":{"rendered":"San Sebastian &#038; Bordeaux 29 Mart &#8211; 02 Nisan 2025"},"content":{"rendered":"\t\t<div data-elementor-type=\"wp-page\" data-elementor-id=\"1798\" class=\"elementor elementor-1798\">\n\t\t\t\t<div class=\"elementor-element elementor-element-e40b629 e-flex e-con-boxed e-con e-parent\" data-id=\"e40b629\" data-element_type=\"container\" data-e-type=\"container\">\n\t\t\t\t\t<div class=\"e-con-inner\">\n\t\t\t\t<div class=\"elementor-element elementor-element-cc774b0 elementor-widget elementor-widget-text-editor\" data-id=\"cc774b0\" data-element_type=\"widget\" data-e-type=\"widget\" data-widget_type=\"text-editor.default\">\n\t\t\t\t<div class=\"elementor-widget-container\">\n\t\t\t\t\t\t\t\t\t1. G\u00fcn \/ \u0130STANBUL \u2013 PAR\u0130S<BR><BR>\n\n\u0130stanbul Havaliman\u0131nda saat 05:30 da bulu\u015fman\u0131n ard\u0131ndan T\u00fcrk Havayollar\u0131 u\u00e7a\u011f\u0131 ile saat 08:15`da Paris\u2019e u\u00e7u\u015f. Yakla\u015f\u0131k 3,5 saatlik u\u00e7u\u015fun ard\u0131ndan yerel saat ile 11:05 de Paris\u2019e var\u0131yoruz. Var\u0131\u015f\u0131m\u0131z\u0131n ard\u0131ndan alanda bekleyen \u00f6zel otob\u00fcs\u00fcm\u00fcz ile panoramik \u015fehir turumuza ba\u015flayaca\u011f\u0131z. Turumuzda Eyfel Kulesi, Champs Elysees, Da Vinci \u015fifresine konu olmu\u015f Louvre M\u00fczesi ve piramit, D\u2019orsay M\u00fczesi, Zafer Tak\u0131, Etoile Meydan\u0131, Napolyon\u2019un mezar\u0131, Meclis binas\u0131, 3. Aleksandr k\u00f6pr\u00fcs\u00fc, 1990 y\u0131l\u0131 sanayi fuar\u0131 ama\u00e7l\u0131 yap\u0131lm\u0131\u015f Grand Palace ve Petite Palace, 1789 Frans\u0131z devrimine konu olmu\u015f Concorde Giyotin Meydan\u0131 g\u00f6r\u00fclecek yerler aras\u0131ndad\u0131r. Tur sonras\u0131 otele transfer oluyoruz. Tur sonras\u0131 otele transfer oluyoruz. Konaklama otelimizde.<BR><BR>\n\n<b>2. G\u00fcn \/ PAR\u0130S<\/b><BR><BR>\n\nSabah kahvalt\u0131s\u0131n\u0131n ard\u0131ndan arzu eden misafirlerimiz rehberimizin ekstra olarak d\u00fczenleyece\u011fi Paris Kombine Turu (110 Euro) [Eiffel Kulesi &amp; Seine Nehri Tekne gezisi &amp; Montmarte Ressamlar Tepesi &amp; Sacre Coeur Bazilikas\u0131 &amp; Notre Dame Katedrali &amp; Fragonard Parf\u00fcm M\u00fczesi]\u2019na kat\u0131labilirler. Turumuzda Eiffel Kulesinin 2. kat\u0131na \u00e7\u0131karak bu b\u00fcy\u00fcl\u00fc kenti yukar\u0131dan ke\u015ffetme \u015fans\u0131na sahip olacaks\u0131n\u0131z. Sonras\u0131nda Seine Nehri \u00fczerinde 1 saatlik tekne gezisi ile adalar etraf\u0131nda tur at\u0131p Paris\u2019i ve k\u00f6pr\u00fclerini nehirden g\u00f6rmenin keyfini \u00e7\u0131karacaks\u0131n\u0131z. Ard\u0131ndan Paris\u2019in en eski ve en y\u00fcksek tepesi olan Montmarte\u2019a f\u00fcnik\u00fcler ile \u00e7\u0131k\u0131yoruz, Sacre ve yan\u0131ndaki ressamlar\u0131yla \u00fcnl\u00fc, bohem ya\u015fam tarz\u0131n\u0131 soluyaca\u011f\u0131n\u0131z Tertre Meydan\u0131ndaki al\u0131\u015fveri\u015f veya portrenizi yapaca\u011f\u0131n\u0131z serbest zaman\u0131m\u0131z\u0131n ard\u0131ndan romanlara, \u015fark\u0131lara ve filmlere konu olmu\u015f me\u015fhur Notre Dame Katedrali\u2019ni ziyarete gidiyoruz. Katedral gezisi sonras\u0131nda Paris\u2019in s\u0131f\u0131r noktas\u0131nda verece\u011fimiz foto\u011fraf molas\u0131n\u0131n ard\u0131ndan turumuzun sonuna geliyoruz. Ak\u015fam ise arzu eden misafirlerimiz rehberimizin ekstra olarak d\u00fczenlenecek olan Paris by Night Turu (40 Euro)\u2019na kat\u0131labilirler. Tur sonras\u0131 otelimize d\u00f6n\u00fcyoruz. Konaklama otelimizde.<BR><BR>\n\n3. G\u00fcn \/ PAR\u0130S<BR><BR>\n\nSabah kahvalt\u0131s\u0131n\u0131n ard\u0131ndan serbest zaman. Arzu eden misafirlerimiz rehberimizin ekstra olarak d\u00fczenleyece\u011fi Muhte\u015fem Normandiya Sahilleri &amp; St. Germain Turu (110 Euro)\u2019na kat\u0131labilirler. Ad\u0131n\u0131 Norman halk\u0131ndan alan, II. D\u00fcnya Sava\u015f\u0131n\u0131n kaderini de\u011fi\u015ftiren bu b\u00f6lgeye yapacak oldu\u011fumuz yolculu\u011fun ard\u0131ndan ilk durak noktam\u0131z Honfleur&#8217;e var\u0131yoruz. Honfleur&#8217;e var\u0131\u015f\u0131m\u0131z\u0131n ard\u0131ndan \u015fehir turumuza ba\u015fl\u0131yoruz. Turumuzda panoramik Normandiya K\u00f6pr\u00fcs\u00fc\u2019n\u00fcn ard\u0131ndan bal\u0131k\u00e7\u0131lar\u0131n in\u015fa etti\u011fi s\u00f6ylenen Fransa&#8217;n\u0131n en b\u00fcy\u00fck ah\u015fap kilisesi Sainte Catherine ve al\u0131\u015fveri\u015f sokaklar\u0131 g\u00f6r\u00fclecek yerler aras\u0131ndad\u0131r. Ge\u00e7mi\u015fte Vikinglerin hakimiyet kurmu\u015f oldu\u011fu bu b\u00f6lgede \u0130skandinav mimarisini and\u0131ran evler, muhte\u015fem sanat galerileri, tarihi marinas\u0131nda tad\u0131labilecek enfes deniz lezzetleri serbest zaman\u0131n\u0131z\u0131 keyifle ge\u00e7irmenize yard\u0131mc\u0131 olacakt\u0131r. Ek olarak b\u00f6lgeye \u00f6zg\u00fc elma, armut aromal\u0131 yerel i\u00e7ecekler, bisk\u00fcvileri de olmazsa olmazlar\u0131ndand\u0131r. Turumuzun bir sonraki dura\u011f\u0131 olan her sene Amerikan Filmleri ve Asya Filmleri Festivalleri\u2019nin yap\u0131ld\u0131\u011f\u0131 Deauville ve Trouville olacakt\u0131r. Ayr\u0131ca muhte\u015fem co\u011frafi \u00f6zellikleri sebebiyle Parisli burjuvalar\u0131n u\u011frak yeri olarak bilinen ve Paris&#8217;teki \u00fcnl\u00fc Champs-Elys\u00e9es Caddesi\u2019nden esinlenilerek dizayn edilen sahil \u015feridine bay\u0131lacaks\u0131n\u0131z. \u00dcnl\u00fc Casino Barri\u00e8re, filmlere pek \u00e7ok defa set olmu\u015f \u00fcnl\u00fc Le Normandy oteli ve \u015f\u0131k al\u0131\u015fveri\u015f caddesi Rue Eug\u00e8ne Colas turumuzda g\u00f6r\u00fclecek yerler aras\u0131ndad\u0131r. Gezilerimiz sonras\u0131nda Paris\u2019e geri d\u00f6n\u00fcyor ve Son dura\u011f\u0131m\u0131z olan Amerikal\u0131 \u00fcnl\u00fc yazar Ernest Hemingway, varolu\u015f\u00e7u filozoflar Jean Paul Sartre ve Simon de Beauvoir gibi pek \u00e7ok \u00fcnl\u00fc isimin u\u011frak yeri olan Saint-Germain-des-Pr\u00e9s k\u0131saca elit St. Germain semti. Cafe Le Bonaparte, Cafe de Flore ve Cafe Les Deux Magots gibi d\u00fcnyaca \u00fcnl\u00fc kafelerin yer ald\u0131\u011f\u0131, d\u00fcnyan\u0131n en eski cafe restoran\u0131 (*1686) Le Procope&#8217;un bulundu\u011fu, caz m\u00fczik festivallerine ev sahipli\u011fi yapan capcanl\u0131 St. Germain semtinde ger\u00e7ekle\u015ftirece\u011fimiz tur s\u0131ras\u0131nda panoramik olarak L\u00fcksemburg Bah\u00e7eleri, Victor Hugo&#8217;nun evlendi\u011fi St. Sulpice Kilisesi, St. Michel Meydan\u0131 ve Paris&#8217;in en eski kilisesi St. Germain-des-Pr\u00e9s panoramik olarak g\u00f6rece\u011fimiz yerler aras\u0131ndad\u0131r. Turumuzun ard\u0131ndan otele transfer. Konaklama otelimizde.\n*Arzu eden misafirlerimiz Paris\u2019teki serbest g\u00fcn\u00fcm\u00fcz\u00fc Disneyland\u2019\u0131 ziyaret ederek de\u011ferlendirebilirler. Rehberimiz Disneyland biletleri i\u00e7in sizlere yard\u0131mc\u0131 olacakt\u0131r. Disneyland Park\u2019a gidi\u015f\/d\u00f6n\u00fc\u015f ula\u015f\u0131m\u0131 m\u00fcnferit olarak yap\u0131lacakt\u0131r.\n*Disneyland biletleri dinamik fiyatland\u0131rma sistemi ile belirlenmektedir. Bu sebepten dolay\u0131 g\u00fcncel park bileti fiyatlar\u0131 rehberimiz taraf\u0131ndan sizlere iletilecektir.<BR><BR>\n\n4. G\u00fcn \/ PAR\u0130S \u2013 \u0130STANBUL<BR><BR>\n\nSabah kahvalt\u0131s\u0131n\u0131n ard\u0131ndan otelden \u00e7\u0131k\u0131\u015f i\u015flemlerimizi ger\u00e7ekle\u015ftirerek serbest zaman veriyoruz. Arzu eden misafirlerimiz rehberimizin ekstra olarak d\u00fczenleyece\u011fi Paris-Giverny Designer Outlet Turu (40 Euro)\u2019na kat\u0131labilirler. Modan\u0131n kalbi Paris\u2019te %30\u2019a varan indirimlerle d\u00fcnyaca \u00fcnl\u00fc markalardan al\u0131\u015fveri\u015f yapma imkan\u0131na sahip olacaks\u0131n\u0131z. Turumuzun ard\u0131ndan rehberimizin belirledi\u011fi saatte Paris Havaliman\u0131\u2019na transfer oluyoruz. Bagaj ve check-in i\u015flemlerinin tamamlanmas\u0131n\u0131n ard\u0131ndan T\u00fcrk havayollar\u0131 tarifeli seferi ile saat 19:50\u2019da \u0130stanbul&#8217;a hareket. Yerel saat ile 00:20\u2019da \u0130stanbul&#8217;a var\u0131\u015f ve turumuzun sonu\u2026<BR><BR>\n\nTUR \u00dcCRET\u0130:<BR><BR>\n\n\u0130ki ki\u015filik odada ki\u015fi ba\u015f\u0131 : 829 Euro\nTek ki\u015filik oda : 939 Euro\nOdada 3. Ki\u015fi ek yatak : 829 Euro\n0-2 ya\u015f bebek : 200 Euro\n2-11 ya\u015f cocuk : 809 Euro\n<BR><BR>\n\n\u00dcCRETE DAH\u0130L OLAN H\u0130ZMETLER<BR><BR>\n\n\u2022T\u00fcrk Havayollar\u0131 ile \u0130stanbul &#8211; Paris &#8211; \u0130stanbul ekonomi s\u0131n\u0131f\u0131 u\u00e7ak bileti\n\u2022Havaliman\u0131 vergileri\n\u2022Paris\u2019te Kopster Hotel Residence Paris Ouest Colombes 4* VB. otelde 3 gece oda kahvalt\u0131 konaklama\n\u2022Otellerdeki city tax \u00f6demeleri\n\u2022Havaliman\u0131-otel-Havaliman\u0131 transferleri\n\u2022Panoramik Paris \u015fehir turu\n\u2022Paris kar\u015f\u0131lamal\u0131 Profesyonel T\u00fcrk\u00e7e Rehberlik Hizmeti<BR><BR>\n\n\u00dcCRETE DAH\u0130L OLMAYAN H\u0130ZMETLER<BR><BR>\n\n\u2022Yurtd\u0131\u015f\u0131 \u00e7\u0131k\u0131\u015f pulu\n\u2022M\u00fcze ve \u00f6ren yeri giri\u015f \u00fccretleri\n\u2022\u00d6\u011flen ve Ak\u015fam yemekleri\n\u2022\u015eahsi Harcamalar\n\u2022Otellerde yap\u0131lacak olan ekstra harcamalar\n\u2022Programda belirtilmeyen servisler\n\u2022Seyahat sa\u011fl\u0131k sigortas\u0131\n\u2022Ekstra turlar<BR><BR>\n\nEKSTRA TUR PAKET<BR><BR>\n\n\u2022Paris Kombine Turu: 110 EUR\n\u2022Paris by Night Turu: 40 EUR\n\u2022Muhte\u015fem Normandiya Sahilleri &amp; Outlet Turu: 110 EUR\n\u2022McArthurGlen Paris-Giverny Designer Outlet Turu: 40 EUR<BR><BR>\n\nEKSTRA TUR AVANTAJLARI<BR><BR>\n\n\u20220 \u2013 6,99 Ya\u015f aras\u0131: \u00dccretsiz\n\u20227 \u2013 16,99 Ya\u015f aras\u0131: %30 indirimli\n\u2022Avantajl\u0131 Ekstra Tur Paketlerinde indirimsiz fiyat \u00fczerinden \u00e7ocuk indirimi uygulan\u0131r.\n\n<BR><BR>\n\nGENEL B\u0130LG\u0130LER<BR><BR>\n\n\u2022 Rezervasyon esnas\u0131nda misafirlerimizin pasaport no, do\u011fum tarihi ve pasaportun al\u0131n\u0131\u015f\/son kullanma tarihi bilgilerinin al\u0131nmas\u0131 gerekmektedir.\n\u2022 Tura kat\u0131lan ki\u015filerin seyahat s\u0131ras\u0131nda yanlar\u0131nda Seyahat Sigortalar\u0131n\u0131 bulundurmalar\u0131 gerekmektedir.\n\u2022 Yurtd\u0131\u015f\u0131 \u00c7\u0131k\u0131\u015f Harc\u0131n\u0131n, seyahat tarihinden \u00f6nce ilgili bankalara \u00f6denmesi ve dekontun seyahat s\u0131ras\u0131nda yan\u0131n\u0131zda bulundurulmas\u0131 tavsiye edilir.\n\u2022 Acente, kategorisi ayn\u0131 kalmak kayd\u0131yla otel isimlerini de\u011fi\u015ftirme hakk\u0131n\u0131 sakl\u0131 tutar.\n\u2022 Ekstra turlar\u0131n veya gezilerin g\u00fcnleri; i\u00e7eri\u011fe ba\u011fl\u0131 kalmak kayd\u0131 ile kat\u0131l\u0131mc\u0131 say\u0131s\u0131na (Mimimum 20 ki\u015fi), m\u00fcze ve \u00f6ren yerinin kapal\u0131 olma durumuna, u\u00e7u\u015f saatlerinde olu\u015fabilecek de\u011fi\u015fikliklere g\u00f6re rehber taraf\u0131ndan de\u011fi\u015ftirilebilir.\n\u2022 Panoramik \u015fehir turu, \u015fehirlerin tan\u0131t\u0131m\u0131 i\u00e7in d\u00fczenlenen 2-3 saat s\u00fcreli turlard\u0131r. Panoramik \u015fehir turlar\u0131; m\u00fcze ve \u00f6ren yerleri giri\u015fleri i\u00e7ermemekte olup \u015fehir hakk\u0131nda genel bilgi vermek ama\u00e7l\u0131d\u0131r. Baz\u0131 turlar kapal\u0131 yollar veya ara\u00e7 giri\u015fine izin verilmeyen noktalarda imk\u00e2nlar d\u00e2hilinde toplu ta\u015f\u0131ma veya yaya olarak yap\u0131labilir.\n\u2022 Yol \u00fczeri yap\u0131lacak ekstra turlarda; tura kat\u0131lmayacak olan misafirlerimiz, rehber taraf\u0131ndan belirlenen mola yerinde bekleme yapacaklard\u0131r. (Benzin istasyonu, Dinlenme tesisleri, Market Vb.)\n\u2022 3 ki\u015filik odalar, otellerin m\u00fcsaitli\u011fine g\u00f6re verilmektedir. 3 ki\u015filik odalarda ilave yatak uygulamas\u0131 olup, 3. Yatak standart yataktan k\u00fc\u00e7\u00fckt\u00fcr.\n\u2022 2 yeti\u015fkin + 1 \u00e7ocuk olan rezervasyonlarda \u00e7ocuk i\u00e7in ayr\u0131 yatak bulunmayabilir. \u00c7ocuk fiyatlar\u0131 ancak \u00e7ocu\u011fun iki yeti\u015fkin yan\u0131nda konaklamas\u0131 durumunda ge\u00e7erlidir. \u00c7ocuk indirimleri 2 yeti\u015fkin yan\u0131nda kalan ya\u015f grubuna uyan, \u201ctek \u00e7ocuk\u201d i\u00e7in ge\u00e7erlidir.\n\u2022 Gidilen \u00fclkelerdeki otellerde al\u0131nacak kahvalt\u0131lar\u0131n i\u00e7eri\u011fi T\u00fcrk kahvalt\u0131s\u0131ndan farkl\u0131d\u0131r. Grup kahvalt\u0131lar\u0131 genelde continental kahvalt\u0131 (\u00c7ay\/kahve, kuruvasan ve marmelat) olarak ayr\u0131 salonda verilebilir.\n\u2022 Otellere giri\u015f saatleri uluslar aras\u0131 kurallarca belirlenmi\u015f olup, giri\u015f saat 15:00 &#8211; 16:00 aras\u0131ndad\u0131r. \u00c7\u0131k\u0131\u015f saatleri 10:00 &#8211; 12:00 aras\u0131ndad\u0131r.\n\u2022 Fuar, kongre, konser, etkinlik, spor turnuvas\u0131 vb. gibi d\u00f6nemlerde oteller, belirtilen lokasyonlardan veya km\u2019 lerden daha fazla mesafede kullan\u0131labilir.\n\u2022 Promosyon ibaresi olan turlar\u0131m\u0131zda otellerimizin konumu ve verilen i\u00e7eri\u011fi standart paketlerimize g\u00f6re farkl\u0131l\u0131k g\u00f6sterebilir. Promosyon turlar\u0131m\u0131zda misafir taraf\u0131ndan iptal veya de\u011fi\u015fiklik yap\u0131lamaz.\n\u2022 18 ya\u015f alt\u0131 re\u015fit say\u0131lmayan \u00e7ocuklar\u0131n anne veya babalar\u0131ndan biri veya ikisi ile beraber tura kat\u0131lmad\u0131\u011f\u0131 durumlarda, tura kat\u0131l\u0131m i\u00e7in gerekli olan muvafakatnamelerin seyahat s\u0131ras\u0131nda ki\u015filerin yan\u0131nda bulundurulmas\u0131 zorunludur.\n\u2022 Turlar ba\u015fka acente turlar\u0131 ile birle\u015ftirilebilir.\n\u2022 U\u00e7ak saatlerine ba\u011fl\u0131 olarak programda de\u011fi\u015fiklik olabilir.\n\u2022 Baz\u0131 havayollar\u0131nda yeme-i\u00e7me ve online check-in hizmetleri \u00fccrete tabi olabilir.\n\u2022 Otob\u00fcsl\u00fc turlar\u0131m\u0131zda, rezervasyon esnas\u0131nda kesinlikle \u201cKoltuk Numaras\u0131\u201d garantisi verilmez. Otob\u00fcsl\u00fc turlar\u0131m\u0131zda kullan\u0131lacak ara\u00e7 tipleri, kat\u0131l\u0131mc\u0131 say\u0131s\u0131na g\u00f6re belirlenmektedir.\n\u2022 T.C. Ye\u015fil Pasaportu ile seyahat edecek misafirlerimizin pasaport al\u0131n\u0131\u015f tarihi 10 y\u0131ldan eski ise; pasaportlar\u0131n\u0131 yenilemeleri gereklidir.\n\u2022 Y\u0131rt\u0131k, y\u0131pranm\u0131\u015f, \u0131slanm\u0131\u015f ve\/veya benzeri tahribat(lar)a u\u011fram\u0131\u015f pasaportlar nedeniyle ziyaret edilecek \u00fclke s\u0131n\u0131r kap\u0131s\u0131nda g\u00fcmr\u00fck polisi ile sorun ya\u015fanmamas\u0131 ad\u0131na; an\u0131lan pasaportlar\u0131n yenilenmesi ve T.C. vatanda\u015flar\u0131na vize uygulayan bir \u00fclke ise ilgili vizenin yeni pasaportta olmas\u0131 gerekmektedir. Aksi durumda sorumluluk yolcuya aittir.\n\u2022 Seyahat biti\u015f tarihi sonras\u0131, pasaport ge\u00e7erlilik s\u00fcreleri \u00fclkelere g\u00f6re minimum 6 ay ile 1 y\u0131l aral\u0131\u011f\u0131nda de\u011fi\u015fkenlik g\u00f6stermektedir. \u00dclkelerin talepleri olan pasaport ge\u00e7erlilik s\u00fcresi bilgilerine buraya t\u0131klayarak ula\u015fabilirsiniz. Aksi durumda misafirlerimiz \u00fclke pasaport polisleri taraf\u0131ndan \u00fclkeye al\u0131nmama durumu ile kar\u015f\u0131la\u015fabilir.\n\u2022 Schengen b\u00f6lgesine seyahat edecek herhangi bir pasaport tipine sahip misafirlerin e\u011fer pasaportlar\u0131n\u0131n al\u0131n\u0131\u015f tarihi 10 y\u0131ldan eski ise; pasaportlar\u0131n\u0131 yenilemeleri talep edilebilir. Aksi halde gidecekleri \u00fclkeye kabul edilmeyebilirler ve\/veya T\u00fcrkiye&#8217;den havayolu firmas\u0131 taraf\u0131ndan u\u00e7u\u015flar\u0131 ger\u00e7ekle\u015ftirilmeyebilir. B\u00f6yle bir durumda sorumluluk yolcuya aittir.\n\u2022 Schengen Vizesi istenen destinasyonlara yap\u0131lan gezilere kat\u0131lacak T.C. Vatanda\u015f\u0131 misafirlerin mutlaka vize ge\u00e7erlili\u011fini, \u00e7ok giri\u015fli olup olmad\u0131\u011f\u0131n\u0131, kullan\u0131m s\u00fcresinin biti\u015fini kontrol etmesi gerekmektedir.\n\u2022 T.C. vatanda\u015f\u0131 olsa dahi, yurt d\u0131\u015f\u0131 gezisine farkl\u0131 bir \u00fclkeden sahip oldu\u011fu pasaport ile \u00e7\u0131kacak misafirlerimizin, seyahat edece\u011fi \u00fclke(ler)de vize uygulamas\u0131 olup olmad\u0131\u011f\u0131 hakk\u0131nda, ilgili konsoloslu\u011fa ba\u015fvurarak bilgi almas\u0131 gerekmektedir.\n\u2022 Turun iptali durumunda vize \u00fccreti iade edilmez. Vize al\u0131nm\u0131\u015f olmas\u0131, \u00fclkeye giri\u015f yap\u0131labilece\u011fi anlam\u0131na gelmez, pasaport polisinin \u00fclkeye sokmama yetkisi vard\u0131r. Bu durumdan Tatilsepeti.com sorumlu de\u011fildir, sorumluluk misafire (yolcuya) aittir.\n\u2022 Yeterli say\u0131 sa\u011flanamad\u0131\u011f\u0131 takdirde geziler yap\u0131lamamakta veya ekstra gezi fiyatlar\u0131, i\u00e7erik, kullan\u0131lacak ara\u00e7 ve kat\u0131l\u0131mc\u0131 say\u0131s\u0131na g\u00f6re de\u011fi\u015fiklik g\u00f6stermektedir.\nNot: Acente havayolu ile yolcu aras\u0131nda arac\u0131 konumunda olup, 28.09.1955 Lahey Protokol\u00fcne t\u00e2bidir. U\u00e7u\u015f \u00f6ncesinde saatler de\u011fi\u015febilir ve t\u00fcm saatlerin hareket tarihlerinden 48 saat \u00f6nce teyid edilmesi gerekmektedir. Yurtd\u0131\u015f\u0131 gezilerinde en az 6 ay ge\u00e7erli pasaport olmas\u0131 mecbur\u00eedir. Paket tura kat\u0131lacak say\u0131n\u0131n yeterli olmamas\u0131 durumunda 20 g\u00fcn \u00f6ncesinden tur iptali t\u00fcketiciye bildirilir. U\u00e7a\u011f\u0131n inece\u011fi \u015fehre g\u00f6re parkurlarda de\u011fi\u015fiklikler olabilir.\t\t\t\t\t\t\t\t<\/div>\n\t\t\t\t<\/div>\n\t\t\t\t\t<\/div>\n\t\t\t\t<\/div>\n\t\t\t\t<\/div>\n\t\t","protected":false},"excerpt":{"rendered":"<p>1. G\u00fcn \/ \u0130STANBUL \u2013 PAR\u0130S \u0130stanbul Havaliman\u0131nda saat 05:30 da bulu\u015fman\u0131n ard\u0131ndan T\u00fcrk Havayollar\u0131 u\u00e7a\u011f\u0131 ile saat 08:15`da Paris\u2019e u\u00e7u\u015f. Yakla\u015f\u0131k 3,5 saatlik u\u00e7u\u015fun ard\u0131ndan yerel saat ile 11:05 de Paris\u2019e var\u0131yoruz. Var\u0131\u015f\u0131m\u0131z\u0131n ard\u0131ndan alanda bekleyen \u00f6zel otob\u00fcs\u00fcm\u00fcz ile panoramik \u015fehir turumuza ba\u015flayaca\u011f\u0131z. Turumuzda Eyfel Kulesi, Champs Elysees, Da Vinci \u015fifresine konu olmu\u015f Louvre [&hellip;]<\/p>\n","protected":false},"author":2,"featured_media":3570,"parent":0,"menu_order":0,"comment_status":"open","ping_status":"closed","template":"","meta":{"footnotes":""},"class_list":["post-1798","page","type-page","status-publish","has-post-thumbnail","hentry"],"acf":[],"_links":{"self":[{"href":"https:\/\/izzydmc.com\/index.php?rest_route=\/wp\/v2\/pages\/1798"}],"collection":[{"href":"https:\/\/izzydmc.com\/index.php?rest_route=\/wp\/v2\/pages"}],"about":[{"href":"https:\/\/izzydmc.com\/index.php?rest_route=\/wp\/v2\/types\/page"}],"author":[{"embeddable":true,"href":"https:\/\/izzydmc.com\/index.php?rest_route=\/wp\/v2\/users\/2"}],"replies":[{"embeddable":true,"href":"https:\/\/izzydmc.com\/index.php?rest_route=%2Fwp%2Fv2%2Fcomments&post=1798"}],"version-history":[{"count":37,"href":"https:\/\/izzydmc.com\/index.php?rest_route=\/wp\/v2\/pages\/1798\/revisions"}],"predecessor-version":[{"id":3855,"href":"https:\/\/izzydmc.com\/index.php?rest_route=\/wp\/v2\/pages\/1798\/revisions\/3855"}],"wp:featuredmedia":[{"embeddable":true,"href":"https:\/\/izzydmc.com\/index.php?rest_route=\/wp\/v2\/media\/3570"}],"wp:attachment":[{"href":"https:\/\/izzydmc.com\/index.php?rest_route=%2Fwp%2Fv2%2Fmedia&parent=1798"}],"curies":[{"name":"wp","href":"https:\/\/api.w.org\/{rel}","templated":true}]}}